 q(a) = -a + 10. Let k(r) = -6*c(r) + q(r). Determine k(l).
-2
Let s(a) = -a**3 + a**2 - a + 5. Let d(y) = -4*y**2 + 130*y + 69. Let n be d(33). Calculate s(n).
-16
Let i(g) be the second derivative of g**4/12 + 3*g**3/2 + 9*g**2/2 + 335*g - 2. Let n(d) = -d**2 + d + 5. Let l be n(4). Determine i(l).
-5
Let t(v) = v**2 - 6*v - 4598 + 2297 + 0*v + 2304. Let r(x) = -x**3 + 5*x**2 - 3*x - 4. Let p be r(3). Suppose p*y = -11 + 46. What is t(y)?
10
Let j(r) = -14*r + 16*r - 3*r**2 + 3*r + 4*r**2 + 10. Determine j(-5).
10
Let x(g) = 57*g + 61*g - 166*g + 45*g + 17. Give x(10).
-13
Let o(j) = -4*j - 1. Let s be 4/(-18) - (-6 - (-1085)/(-63)). Let l = -24 + s. Give o(l).
3
Let c(t) be the first derivative of -2*t**3/3 + 11*t**2/2 + t + 242. Give c(6).
-5
Let y(h) be the first derivative of h**3/3 - 4*h**2 - 8*h - 165. Determine y(8).
-8
Let s(j) = -7*j - 15. Let u(n) = -20*n - 43. Let f(q) = -17*s(q) + 6*u(q). Calculate f(0).
-3
Let o be 2/(-2 - (-4)/3). Let m(t) be the second derivative of t**3/6 + 3*t**2/2 + 271*t + 1. What is m(o)?
0
Let j(m) = -5*m. Let h(s) be the second derivative of 11*s**3/6 - s**2/2 - 40*s. Let c(v) = 6*h(v) + 13*j(v). Determine c(0).
-6
Let w(i) = 4*i - 2 - 2 + 1 - 6*i. Give w(-13).
23
Suppose 4*f = 18 - 6. Suppose 0 = f*n - 0*n - 48. Suppose -2*a - 6 = -g, 0*g - 2*g - n = 3*a. Let q(k) = k**2 + 3*k + 3. What is q(a)?
7
Let u(t) = -8*t**3 - t**2 + t - 8. Let f(p) = 24*p**3 + 3*p**2 - 3*p + 22. Let q(l) = 4*f(l) + 11*u(l). Calculate q(1).
8
Let r(f) = -4*f**3 - f**2 - 2*f - 2. Let u be r(-1). Suppose -2 = -5*l + u. Let i be l*(2 + 1) + -3. Let j(v) = v. Give j(i).
0
Suppose 98 - 236 = -46*z. Let f(b) = b + 2. Give f(z).
5
Let d(c) = 112*c - 58*c - 4 - 53*c. Let w = -5 + 11. Calculate d(w).
2
Let f be 361/95 + (-2 - 1)/(-15). Let i(n) = -n - 4. Calculate i(f).
-8
Let l(s) be the third derivative of 7*s**4/24 + 23*s**3/2 - 6*s**2. Let a be l(-9). Let u(b) = 7*b - 8. Determine u(a).
34
Let v(f) be the third derivative of f**5/60 + 5*f**4/24 - 7*f**3/6 + 2*f**2. Suppose 3*i - 2*i + 6 = 0. Let b be i/15 - (-28)/(-5). What is v(b)?
-1
Let x(p) = -p + 8. Let r be 6/(-9) + 20/3. Let w be x(r). Let h(f) = -6 - f + 6 - w. What is h(-6)?
4
Let d be ((-12)/10)/(15/(-500)). Suppose -5*p + 5*m = -d, 3*p - 2*m + 0*m - 20 = 0. Suppose 2 = -p*q + 30. Let f(t) = -t**3 + 7*t**2 + 5. Determine f(q).
5
Let p(f) = 77*f - 218*f + 4 + 69*f + 73*f. Calculate p(-11).
-7
Let q(k) be the first derivative of -k**4/4 + 8*k**3/3 + 9*k**2/2 - 11*k + 1. What is q(9)?
-11
Suppose 2*h + 2 - 18 = 0. Let c = -12 + h. Let w(g) be the second derivative of g**5/20 + 5*g**4/12 + g**3/2 - g**2/2 - g. What is w(c)?
3
Let m(s) = -s - 10. Let i(p) = -2*p - 31. Let f(l) = -3*i(l) + 8*m(l). What is f(4)?
5
Let q(o) = o - 3. Let r(c) = 2*c - 7. Let y be r(6). Suppose -3*s + 6 = 0, -y*x - 2*s + 2 = -4*x. Let p be 2 + -7*(-2)/x. Give q(p).
-8
Suppose -6*a + a = 50. Let s be a/(-20)*(-20)/(-2). Let j(d) = -d**3 + 6*d**2 - 5*d + 4. Let b be j(s). Let z(t) = t - 2. Determine z(b).
2
Let h(l) be the second derivative of -l**3/6 + 2*l**2 - l - 41. Determine h(5).
-1
Suppose -7*x - 30 = -x. Let w(n) be the third derivative of n**5/60 + n**4/8 - 7*n**3/6 + 5*n**2. What is w(x)?
3
Suppose 4*u = 5*n - 34, 4*n - 5 = -3*u + 47. Suppose -n = -3*q - 2*q. Let h(o) = -3*o**3 + 3*o - 1 - 5*o**2 - q*o + 4*o**3 - 4. Determine h(5).
0
Suppose -5*q - 2*m - 3 - 3 = 0, 0 = -q - m - 3. Let u be 2 - (0 + 3) - q. Let k(r) = 15*r**3 + 2*r + 1. What is k(u)?
-16
Let r(j) = j**3 - 5*j**2 + 4*j - 2. Suppose -2*n - 292 + 13 = -3*v, 15 = -5*n. Let z be (52/v)/((-4)/(-14)). Suppose 0 = -2*u + 10 - z. What is r(u)?
-2
Suppose 44*i - 115 - 61 = 0. Let r(o) = 5*o - 25. Calculate r(i).
-5
Let l(k) = -7*k + 1. Let u(n) = n**2 - 33*n + 114. Let j be u(4). Determine l(j).
15
Let w(c) = -6*c**2 + 6*c + 3*c**2 - 6 + 2*c**2. Let f be (490/(-147))/(8/(-12)). Calculate w(f).
-1
Let o(v) = -v - 8. Let p = 454 + -462. What is o(p)?
0
Let x(u) = u - 1. Let q(b) = -6*b. Let d(r) = -q(r) - 10*x(r). Determine d(4).
-6
Let c(v) = -3*v**2 + 0*v - 3 + v - 4*v - v**3. Let z(l) = 5 + 55*l**3 + 6*l**2 - 53*l**3 + 5*l + 4 - 4. Let h(b) = 7*c(b) + 4*z(b). What is h(-3)?
2
Let n(y) = 11*y**3 - 2*y**2 - y. Suppose 2*l + 2*i + 95 - 89 = 0, 2*l - 4*i = 6. Give n(l).
-12
Let p(f) = -f**2 - 13*f - 32. Let n be p(-6). Let r(j) = j**2 - 7*j - 21. What is r(n)?
9
Let b(n) = -5*n + 13. Let w(t) = -2*t + 6. Let o(y) = 3*b(y) - 7*w(y). What is o(6)?
-9
Let g(s) = -2 - 6*s - s**2 + 2*s + 3*s + 3*s**3. Let k be -5 + 1 + 1 + -1 + 6. What is g(k)?
16
Let y(x) = -3*x**2 + x - 1. Suppose 0 = -0*u - 2*u - p + 4, 4*u - 2*p = 0. Calculate y(u).
-3
Let j be 30/45*(-18)/(-4). Let r(s) = 50*s - 2*s**2 - 49*s - j*s**2 + 2*s**2 - 2. Determine r(-2).
-16
Let o(a) = 2*a**2 + 2. Let c = 160 - 162. What is o(c)?
10
Let h(m) be the third derivative of m**5/60 + m**4/24 - m**3/2 - 5*m**2 + 40. Determine h(4).
17
Let y be (-1 - (-1)/(-1)) + 1. Let g be 1/(y/(0 + -2)). Let o(f) = 2*f**2 - 1 - 2*f + 12 - 10 - 2. What is o(g)?
3
Let u be (-1 + -33)*(5 - (-44)/(-8)). Let t(i) = -u - 20 + i + 41. Calculate t(-3).
1
Let f(g) be the first derivative of 13 + 2*g**3 - 4*g - 3/2*g**2 - 1/4*g**4. Let w be (-2)/(-4)*(10 - 0). Determine f(w).
6
Let z(f) = -2*f + 8. Let t(c) be the first derivative of 3*c**2/2 - 6*c + 3. Let m be t(4). Calculate z(m).
-4
Let x(b) = -1 + 11 - 6 + 9*b. Calculate x(-1).
-5
Suppose n = -2*g, 6*g - 7*g - 3 = 2*n. Let f(r) be the first derivative of -r**4/4 - r**3/3 + r**2/2 + r + 1. Calculate f(n).
3
Let j(u) be the first derivative of -7/2*u**2 + 7*u - 12 - 1/3*u**3. Give j(-6).
13
Let o(j) be the third derivative of j**7/2520 + j**6/720 + j**5/40 + 2*j**4/3 + 14*j**2. Let w(s) be the second derivative of o(s). Calculate w(3).
15
Let n(a) be the second derivative of -a**3/2 + a**2 - a - 22. Give n(5).
-13
Let m(h) = -4*h - 2. Let z(k) = 3*k**3 + 2*k**2 + 4*k + 2. Let x be z(-1). Calculate m(x).
10
Let v(b) = -21*b + 41*b + 1 - 22*b - 5. Calculate v(4).
-12
Let u(a) = a**3 + 6*a**2 - 17*a - 5. Let g be (-2)/9 - (-2030)/(-261). What is u(g)?
3
Let j(x) = 0*x + 2*x - 3*x. Suppose 2*v + 12 = -2*v. Let s(u) = -u**2 + 10*u - 4. Let t(l) = v*j(l) - s(l). Give t(3).
-8
Let j(w) = 8*w**3 + 2*w**2 + 2*w - 1. Let d(h) = 3*h**3 + h**2 + h. Let m(z) = -11*d(z) + 4*j(z). Let q = 53 - 56. Calculate m(q).
5
Let n(p) = p + 1. Suppose 5*a - 8 = -3*v - 31, 5*v + 4*a + 21 = 0. Let m(s) = -2*s - 10. Let y(t) = v*m(t) - 5*n(t). Give y(5).
-10
Let m(i) = 21*i - 5*i + 5 - 6*i - 12*i + i**2. Suppose 1 + 11 = a. Let v = a - 8. What is m(v)?
13
Let c(l) = 6*l**3 + 3*l**2 + l + 6. Let s(t) = -5*t**3 - t**2 - t - 6. Let k(u) = 4*c(u) + 5*s(u). Suppose -4*h + 30 = h. Determine k(h).
24
Let u be (-6)/4*(-3)/6*4. Let g = -10 + 5. Let z = u + g. Let f(s) = -s**3 - 2*s**2 + 2*s + 2. Determine f(z).
-2
Let r be (-15)/6 + (-4)/(-8). Let y(u) = 5*u + 7. Suppose -15 = 12*m - 7*m. Let x(w) = -4*w - 6. Let p(j) = m*y(j) - 4*x(j). What is p(r)?
1
Let g be 1870/60 + 2/(-12). Suppose -11*q - g - 57 = 0. Let j(u) = -2*u - 12. What is j(q)?
4
Let k(x) be the second derivative of x**5/4 - x**3/2 - x**2/2 - 683*x. Calculate k(-2).
-35
Let t(z) = -7*z**2 - 4*z + 11. Let a(n) = -n**2 - n + 1. Let f(o) = -6*a(o) + t(o). Calculate f(6).
-19
Let n(x) = -25. Let d(y) = -y - 124. Let p(o) = -d(o) + 5*n(o). Let t(w) = -w**2 - 7*w + 6. Let i be t(-7). What is p(i)?
5
Let f(a) = a**2 + 26 - 146*a + 148*a - 28. What is f(4)?
22
Suppose -o - 2*o - 18 = 0. Let d be -16 + 13 + o/(-1). Let t(q) be the third derivative of q**6/120 - q**5/30 - q**4/24 - 2*q**2. Calculate t(d).
6
Let y be 2/(0 - (-5)/25) - -3. Let c(n) = n**3 - 14*n**2 + 13*n + 1. Give c(y).
1
Let a(k) = k**2 - 2*k - 11. Let l be a(-3). Let s be ((-6)/l)/((-6)/20). Let c(z) = z**2 - 7*z + 4. Calculate c(s).
-6
Let k(y) be the second derivative of -2/3*y**3 - 1/3*y**4 + 33*y - 1/20*y**5 + 0 - y**2. Calculate k(-3).
1
Let n be ((-3)/(-2))/((-1)/2*-1). Let j(s) = -4*s + 3*s**3 + 0*s**3 - 2*s**n - 5*s**2 - 2. What is j(6)?
10
Let r(w) = -21*w**2 + 22*w - 14. Let k(z) = 4*z**2 - z - 1. Let v(s) = -5*k(s) - r(s). Calculate v(14).
-23
Let l be 1*-3*(-156)/36*-1. Let d(i) = -i**3 - 14*i**2 - 11*i - 13. Give d(l).
-39
Let u be (-10)/(-20) - 10/4. Le